{"id":18,"date":"2022-03-04T12:05:25","date_gmt":"2022-03-04T12:05:25","guid":{"rendered":"https:\/\/qshs.org\/wordpress\/?page_id=18"},"modified":"2024-08-14T09:47:58","modified_gmt":"2024-08-14T09:47:58","slug":"people","status":"publish","type":"page","link":"https:\/\/qshs.org\/?page_id=18","title":{"rendered":"People"},"content":{"rendered":"\n<p class=\"has-larger-font-size\"><strong>QSHS COLLABORATION<\/strong><\/p>\n\n\n\n<figure class=\"wp-block-table\"><table><tbody><tr><td><strong>Name<\/strong><\/td><td><strong>Affiliation<\/strong><\/td><td><strong>Role<\/strong><\/td><\/tr><tr><td><a href=\"https:\/\/www.physics.ox.ac.uk\/our-people\/alsulami\" data-type=\"link\" data-id=\"https:\/\/www.physics.ox.ac.uk\/our-people\/alsulami\">Ahmed Alsulami<\/a><\/td><td>University of Oxford<\/td><td>PhD Student<\/td><\/tr><tr><td>Tian Bai<\/td><td>University College London<\/td><td>PhD Student<\/td><\/tr><tr><td><a href=\"https:\/\/www.lancaster.ac.uk\/physics\/about-us\/people\/ian-bailey\">Dr Ian Bailey<\/a><\/td><td>Lancaster University<\/td><td>Investigator<\/td><\/tr><tr><td><a href=\"mailto: gemma.chapman@npl.co.uk\">Dr Gemma Chapman<\/a><\/td><td>National Physical Laboratory<\/td><td>Postdoctoral Researcher<\/td><\/tr><tr><td><a href=\"https:\/\/www.sheffield.ac.uk\/physics\/people\/academic\/ed-daw\">Prof. Ed Daw<\/a><\/td><td>University of Sheffield<\/td><td>Lead Investigator<\/td><\/tr><tr><td>Dr Joshoua Esmenda<\/td><td>Lancaster University<\/td><td>Postdoctoral Researcher<\/td><\/tr><tr><td><a href=\"https:\/\/www.npl.co.uk\/people\/ling-hao\">Prof. Ling Hao<\/a><\/td><td>National Physical Laboratory<\/td><td>Investigator<\/td><\/tr><tr><td><a href=\"https:\/\/www.liverpool.ac.uk\/mathematical-sciences\/staff\/edward-hardy\/\">Prof. Edward Hardy<\/a><\/td><td>University of Oxford<\/td><td>Investigator<\/td><\/tr><tr><td><a href=\"https:\/\/www.lancaster.ac.uk\/physics\/about-us\/people\/edward-laird\">Professor Edward Laird<\/a><\/td><td>Lancaster University<\/td><td>Investigator<\/td><\/tr><tr><td><a href=\"https:\/\/www.physics.ox.ac.uk\/our-people\/leek\">Dr Peter Leek<\/a><\/td><td>University of Oxford<\/td><td>Investigator<\/td><\/tr><tr><td><a href=\"https:\/\/www.npl.co.uk\/people\/john-gallop\">Dr John Gallop<\/a><\/td><td>National Physical Laboratory<\/td><td>Investigator<\/td><\/tr><tr><td>Dr Tom Godfrey<\/td><td>University College London<\/td><td>Postdoctoral Researcher<\/td><\/tr><tr><td><a href=\"https:\/\/www.physics.ox.ac.uk\/our-people\/gregori\">Prof. Gianluca Gregori<\/a><\/td><td>University of Oxford<\/td><td>Investigator<\/td><\/tr><tr><td><a href=\"https:\/\/www.physics.ox.ac.uk\/our-people\/march-russell\">Prof. John March-Russell<\/a><\/td><td>University of Oxford<\/td><td>Investigator<\/td><\/tr><tr><td><a href=\"https:\/\/pure.royalholloway.ac.uk\/portal\/en\/persons\/phil-meeson(e2cbb189-9933-4b2e-9184-d4e077c00d4b).html\">Prof. Phil Meeson<\/a><\/td><td>Royal Holloway, University of London<\/td><td>Investigator<\/td><\/tr><tr><td>Claude Mostyn<\/td><td>University of Sheffield<\/td><td>PhD Student<\/td><\/tr><tr><td><a href=\"https:\/\/www.lancaster.ac.uk\/physics\/about-us\/people\/yuri-pashkin\">Prof. Yuri Pashkin<\/a><\/td><td>Lancaster University<\/td><td>Investigator<\/td><\/tr><tr><td><a href=\"https:\/\/www.lancaster.ac.uk\/physics\/about-us\/people\/searbh%C3%A1n-o-peat%C3%A1in\">Searbh\u00e1n \u00d3 Peat\u00e1in<\/a><\/td><td>Lancaster University<\/td><td>PhD Student<\/td><\/tr><tr><td><a href=\"mailto: mitchell.perry@sheffield.ac.uk\">Mitch Perry<\/a><\/td><td>University of Sheffield<\/td><td>PhD Student<\/td><\/tr><tr><td><a href=\"https:\/\/www.physics.ox.ac.uk\/our-people\/piscitelli\">Dr Michele Piscitelli<\/a><\/td><td>University of Oxford<\/td><td>Postdoctoral Researcher<\/td><\/tr><tr><td><a href=\"https:\/\/www.physics.ox.ac.uk\/our-people\/radford\" data-type=\"link\" data-id=\"https:\/\/www.physics.ox.ac.uk\/our-people\/radford\">Dr Miles Radford<\/a><\/td><td>University of Oxford<\/td><td>Postdoctoral Researcher<\/td><\/tr><tr><td><a href=\"https:\/\/www.physics.ox.ac.uk\/our-people\/reiglopez\" data-type=\"link\" data-id=\"https:\/\/www.physics.ox.ac.uk\/our-people\/reiglopez\">Dr Mario Reig<\/a><\/td><td>University of Oxford<\/td><td>Postdoctoral Researcher<\/td><\/tr><tr><td><a href=\"https:\/\/www.ucl.ac.uk\/quantum\/people\/dr-ed-romans\">Dr Edward Romans<\/a><\/td><td>University College London<\/td><td>Investigator<\/td><\/tr><tr><td><a href=\"https:\/\/www.physics.ox.ac.uk\/our-people\/sarkar\">Prof. Subir Sarkar<\/a><\/td><td>University of Oxford<\/td><td>Investigator<\/td><\/tr><tr><td><a href=\"https:\/\/www.sheffield.ac.uk\/physics\/people\/academic\/paul-smith\">Dr Paul Smith<\/a><\/td><td>University of Sheffield<\/td><td>Postdoctoral Researcher<\/td><\/tr><tr><td><a href=\"https:\/\/www.physics.ox.ac.uk\/our-people\/tanb\">Dr Boon-Kok Tan<\/a><\/td><td>University of Oxford<\/td><td>Investigator<\/td><\/tr><tr><td><a href=\"https:\/\/pure.royalholloway.ac.uk\/portal\/en\/persons\/stephen-west(9785e213-ef52-4fc3-bbef-ae3748df6523).html\">Dr Stephen West<\/a><\/td><td>Royal Holloway, University of London<\/td><td>Investigator<\/td><\/tr><tr><td><a href=\"mailto: a.warren@sheffield.ac.uk\">Mrs Angela Warren<\/a><\/td><td>University of Sheffield<\/td><td>Project Manager<\/td><\/tr><tr><td><a href=\"https:\/\/cdt.sensors.cam.ac.uk\/directory\/professor-stafford-withington\">Prof. Stafford Withington<\/a><\/td><td>University of Oxford<\/td><td>Investigator<\/td><\/tr><\/tbody><\/table><\/figure>\n\n\n\n<hr class=\"wp-block-separator has-text-color has-primary-color has-css-opacity has-primary-background-color has-background is-style-default\"\/>\n\n\n\n<p><strong>Working in collaboration with ADMX including:<\/strong><\/p>\n\n\n\n<figure class=\"wp-block-table\"><table><tbody><tr><td><a href=\"https:\/\/phys.washington.edu\/people\/chelsea-bartram\">Chelsea Bartram<\/a><\/td><td>Stanford University<\/td><\/tr><tr><td><a href=\"https:\/\/phys.washington.edu\/people\/gray-rybka\">Gray Rybka<\/a><\/td><td>University of Washington<\/td><\/tr><tr><td><a href=\"https:\/\/phys.washington.edu\/people\/leslie-rosenberg\">Les Rosenberg<\/a><\/td><td>University of Washington          <\/td><\/tr><tr><td><a href=\"https:\/\/people.llnl.gov\/carosi2\">Gianpaolo Carosi<\/a><\/td><td>Lawrence Livermore National Laboratory (LLNL)<\/td><\/tr><tr><td><a href=\"https:\/\/www.pnnl.gov\/contacts\/staffinfo.asp?uid=15301D13EA97CE40A58DCD9ACB964868\">Jihee Yang<\/a><\/td><td>Pacific Northwest National Laboratory (PNNL)<\/td><\/tr><\/tbody><\/table><\/figure>\n\n\n\n<p><\/p>\n\n\n\n<p><\/p>\n","protected":false},"excerpt":{"rendered":"<p>QSHS COLLABORATION Name Affiliation Role Ahmed Alsulami University of Oxford PhD Student Tian Bai University College London PhD Student Dr Ian Bailey Lancaster University Investigator Dr Gemma Chapman National Physical Laboratory Postdoctoral Researcher Prof. Ed Daw University of Sheffield Lead Investigator Dr Joshoua Esmenda Lancaster University Postdoctoral Researcher Prof. Ling Hao National Physical Laboratory Investigator [&hellip;]<\/p>\n","protected":false},"author":1,"featured_media":0,"parent":0,"menu_order":0,"comment_status":"closed","ping_status":"closed","template":"","meta":{"_monsterinsights_skip_tracking":false,"_monsterinsights_sitenote_active":false,"_monsterinsights_sitenote_note":"","_monsterinsights_sitenote_category":0,"footnotes":""},"class_list":["post-18","page","type-page","status-publish","hentry"],"_links":{"self":[{"href":"https:\/\/qshs.org\/index.php?rest_route=\/wp\/v2\/pages\/18","targetHints":{"allow":["GET"]}}],"collection":[{"href":"https:\/\/qshs.org\/index.php?rest_route=\/wp\/v2\/pages"}],"about":[{"href":"https:\/\/qshs.org\/index.php?rest_route=\/wp\/v2\/types\/page"}],"author":[{"embeddable":true,"href":"https:\/\/qshs.org\/index.php?rest_route=\/wp\/v2\/users\/1"}],"replies":[{"embeddable":true,"href":"https:\/\/qshs.org\/index.php?rest_route=%2Fwp%2Fv2%2Fcomments&post=18"}],"version-history":[{"count":57,"href":"https:\/\/qshs.org\/index.php?rest_route=\/wp\/v2\/pages\/18\/revisions"}],"predecessor-version":[{"id":1108,"href":"https:\/\/qshs.org\/index.php?rest_route=\/wp\/v2\/pages\/18\/revisions\/1108"}],"wp:attachment":[{"href":"https:\/\/qshs.org\/index.php?rest_route=%2Fwp%2Fv2%2Fmedia&parent=18"}],"curies":[{"name":"wp","href":"https:\/\/api.w.org\/{rel}","templated":true}]}}